{"id":295,"date":"2017-09-20T01:12:50","date_gmt":"2017-09-19T23:12:50","guid":{"rendered":"http:\/\/parafiadziadowakloda.pl\/?page_id=295"},"modified":"2017-09-24T18:12:47","modified_gmt":"2017-09-24T16:12:47","slug":"sakramenty-sw","status":"publish","type":"page","link":"http:\/\/parafiadziadowakloda.pl\/?page_id=295","title":{"rendered":"Sakramenty \u015aw."},"content":{"rendered":"<p style=\"text-align: left;\"><strong>CHRZEST \u00a0\u015aWI\u0118TY<\/strong><\/p>\n<p style=\"text-align: left;\">Chrzest jako pierwszy sakrament nowego Przymierza jest fundamentem ca\u0142ego \u017cycia chrze\u015bcija\u0144skiego, bram\u0105 wprowadzaj\u0105c\u0105 do \u017cycia w Duchu i otwieraj\u0105c\u0105 dost\u0119p do nast\u0119pnych sakrament\u00f3w. Chrzest udzielany przez zanurzenie lub polanie wod\u0105 dzi\u0119ki dzia\u0142aniu Ducha \u015awi\u0119tego jest obmyciem, kt\u00f3re oczyszcza, u\u015bwi\u0119ca i usprawiedliwia, oznacza i urzeczywistnia \u015bmier\u0107 dla grzechu i wej\u015bcie w \u017cycie Tr\u00f3jcy \u015awi\u0119tej przez upodobnienie do misterium paschalnego Chrystusa.<br \/>\nW naturalnej symbolice woda uwalnia od brudu i jest konieczna do tego, by \u017cy\u0107. Znak obmycia wod\u0105 oznacza pogrzebanie osoby ochrzczonej w \u015bmierci Chrystusa, z kt\u00f3rej powstaje ona przez zmartwychwstanie z Nim jako nowe stworzenie do \u017cycia wed\u0142ug Ducha \u015awi\u0119tego.<br \/>\nKonieczno\u015bci przyjmowania chrztu domaga si\u0119 Pan Jezus, kt\u00f3ry powiedzia\u0142: &#8222;Kto wierzy i przyjmie chrzest, b\u0119dzie zbawiony; a kto nie wierzy, b\u0119dzie pot\u0119piony&#8221; (Mk 16, 16). Powiedzia\u0142 te\u017c: &#8222;Je\u015bli si\u0119 kto\u015b nie narodzi z wody i z Ducha \u015awi\u0119tego, nie mo\u017ce wej\u015b\u0107 do Kr\u00f3lestwa Bo\u017cego&#8221; (J 3, 5).<br \/>\nChrzest przyjmuje si\u0119 jeden raz w \u017cyciu, poniewa\u017c wyciska on na duszy niezatarte, duchowe znami\u0119, 'charakter&#8217;, kt\u00f3ry uzdalnia ochrzczonego do uczestnictwa w kulcie chrze\u015bcija\u0144skim.<\/p>\n<p><strong>EUCHARYSTIA<\/strong><\/p>\n<p>Eucharystia\u00a0jest \u201e\u017ar\u00f3d\u0142em i zarazem szczytem ca\u0142ego \u017cycia chrze\u015bcija\u0144skiego\u201d. Chrystus Pan powiedzia\u0142 wyra\u017anie: \u201eJe\u017celi nie b\u0119dziecie spo\u017cywali Cia\u0142a Syna Cz\u0142owieczego i nie b\u0119dziecie pili Krwi Jego, nie b\u0119dziecie mieli \u017cycia w sobie. Kto spo\u017cywa moje Cia\u0142o i pije moj\u0105 Krew, ma \u017cycie wieczne, a Ja go wskrzesz\u0119 w dniu ostatecznym\u201d (J 6,53-54)<\/p>\n<p style=\"text-align: left;\"><strong>BIERZMOWANIE<\/strong><\/p>\n<p style=\"text-align: left;\">Sakrament bierzmowania jest sakramentem chrze\u015bcija\u0144skiej dojrza\u0142o\u015bci. Dzi\u0119ki niemu wierni \u015bci\u015blej wi\u0105\u017c\u0105 si\u0119 z Ko\u015bcio\u0142em, otrzymuj\u0105 szczeg\u00f3ln\u0105 moc Ducha \u015awi\u0119tego oraz zobowi\u0105zuj\u0105 si\u0119, jako \u015bwiadkowie Chrystusa, do szerzenia wiary s\u0142owem i czynem oraz do jej obrony (por. KKK 11).<\/p>\n<p>Sakrament bierzmowania wraz z chrztem i Eucharysti\u0105 nale\u017cy do\u00a0sakrament\u00f3w wtajemniczenia chrze\u015bcija\u0144skiego, kt\u00f3rego jedno\u015b\u0107 powinna by\u0107 zachowywana. Nale\u017cy zatem pami\u0119ta\u0107, \u017ce przyj\u0119cie tego sakramentu jest konieczne jako dope\u0142nienie \u0142aski chrztu. Istotnie, przez sakrament bierzmowania (ochrzczeni) jeszcze \u015bci\u015blej wi\u0105\u017c\u0105 si\u0119 z Ko\u015bcio\u0142em, otrzymuj\u0105 szczeg\u00f3ln\u0105 moc Ducha \u015awi\u0119tego i w ten spos\u00f3b jeszcze mocniej zobowi\u0105zani s\u0105, jako prawdziwi \u015bwiadkowie Chrystusa, do szerzenia wiary s\u0142owem i uczynkiem (Katechizm Ko\u015bcio\u0142a Katolickiego nr 1285).<\/p>\n<p style=\"text-align: left;\"><strong>POKUTA<br \/>\n<\/strong><\/p>\n<p style=\"text-align: left;\">Zar\u00f3wno dobre jak i z\u0142e czyny chrze\u015bcijanina dotycz\u0105 tak\u017ce ca\u0142ej spo\u0142eczno\u015bci wierz\u0105cych. Ka\u017cda wina jest jednocze\u015bnie wykroczeniem przeciw Bogu oraz przeciw Ko\u015bcio\u0142owi \u2013 wsp\u00f3lnocie przez Niego za\u0142o\u017conej i u\u015bwi\u0119conej. Dlatego musi by\u0107 ona wyznana wsp\u00f3lnocie Ko\u015bcio\u0142a. Zgodnie z praktyk\u0105 i nauk\u0105 Ko\u015bcio\u0142a dla przebaczenia ci\u0119\u017ckiej winy konieczna jest spowied\u017a indywidualna. W imieniu Chrystusa i wsp\u00f3lnoty Ko\u015bcio\u0142a kap\u0142an przyjmuje wyznanie grzech\u00f3w i w imieniu Boga udziela rozgrzeszenia. Znaczy to, \u017ce B\u00f3g udziela przebaczenia przez pos\u0142ug\u0119 Ko\u015bcio\u0142a. Otrzymanie rozgrzeszenia w sakramencie pokuty wymaga, jak ka\u017cde przebaczenie, \u017calu za grzechy oraz postanowienia i woli naprawienia z\u0142a.<\/p>\n<p style=\"text-align: left;\"><strong>\u00a0NAMASZCZENIE \u00a0CHORYCH<\/strong><\/p>\n<p style=\"text-align: left;\">Ko\u015bci\u00f3\u0142 wierzy i wyznaje, \u017ce w\u015br\u00f3d siedmiu sakrament\u00f3w istnieje jeden specjalnie przeznaczony do umocnienia os\u00f3b dotkni\u0119tych chorob\u0105 \u2013 sakrament namaszczenia chorych. Jest on jednym z sakrament\u00f3w uzdrowienia chrze\u015bcija\u0144skiego. Jest to sakrament, w kt\u00f3rym ci\u0119\u017cko chory otrzymuje przez namaszczenie olejem \u015bw. i modlitw\u0119 kap\u0142ana szczeg\u00f3lne \u0142aski, ulg\u0119 w cierpieniu, a niekiedy przywr\u00f3cenie zdrowia. Sakrament ten ma r\u00f3wnie\u017c moc g\u0142adzenia grzech\u00f3w.<\/p>\n<p style=\"text-align: left;\">Sakrament namaszczenia chorych zosta\u0142 ustanowiony przez Jezusa i potwierdzony s\u0142owami\u00a0<em>&#8217;Duch Pa\u0144ski spoczywa na mnie nama\u015bci\u0142 mnie i pos\u0142a\u0142 mnie, abym ubogim ni\u00f3s\u0142 dobr\u0105 nowin\u0119, wi\u0119\u017aniom g\u0142osi\u0142 wolno\u015b\u0107, a niewidomym przejrzenie, abym uci\u015bnionych odsy\u0142a\u0142 wolnymi, abym obwo\u0142ywa\u0142 rak \u0142aski od Pana&#8217;<\/em>\u00a0(\u0141k 4, 18)<\/p>\n<p style=\"text-align: left;\"><strong>MA\u0141\u017bE\u0143STWO<\/strong><\/p>\n<p style=\"text-align: left;\">Ma\u0142\u017ce\u0144stwo b\u0119d\u0105ce g\u0142\u0119bok\u0105 wsp\u00f3lnot\u0105 \u017cycia i mi\u0142o\u015bci nie jest instytucj\u0105 czysto ludzk\u0105. Sam bowiem B\u00f3g jest jego tw\u00f3rc\u0105, gdy\u017c stworzy\u0142 cz\u0142owieka z mi\u0142o\u015bci i powo\u0142a\u0142 go tak\u017ce do mi\u0142o\u015bci trwa\u0142ej i nieodwo\u0142alnej.<\/p>\n<p style=\"text-align: left;\">Od samego pocz\u0105tku Pan B\u00f3g ustanowi\u0142 ma\u0142\u017ce\u0144stwo jako trwa\u0142y i nierozerwalny zwi\u0105zek m\u0119\u017cczyzny i kobiety.<br \/>\nB\u00f3g stworzy\u0142 cz\u0142owieka jako m\u0119\u017cczyzn\u0119 i kobiet\u0119. Z Jego woli maj\u0105 oni tworzy\u0107 wsp\u00f3lnot\u0119, by\u0107 Jego wsp\u00f3\u0142pracownikami w dziele stwarzania cz\u0142owieka. Fundamentem tej wsp\u00f3lnoty ma by\u0107 mi\u0142o\u015b\u0107 wzajemna. Chrystus podni\u00f3s\u0142 ma\u0142\u017ce\u0144stwo do godno\u015bci sakramentu, swoj\u0105 \u0142ask\u0105 u\u015bwi\u0119ca mi\u0142o\u015b\u0107 m\u0119\u017cczyzny i kobiety, umacnia j\u0105 i doskonali. Zwi\u0105zek ma\u0142\u017ce\u0144ski zawarty w Ko\u015bciele Katolickim jest Sakramentem, kt\u00f3ry z woli Bo\u017cej i ustanowienia Chrystusa jest nierozerwalny, dlatego te\u017c osoby pragn\u0105ce \u017cy\u0107 ze sob\u0105 razem przez ca\u0142e \u017cycie powinny dobrze przygotowa\u0107 si\u0119 do ma\u0142\u017ce\u0144stwa. To przygotowanie dokonuje si\u0119 przez ca\u0142e \u017cycie. Bezpo\u015brednim okresem przygotowania jest narzecze\u0144stwo.<\/p>\n","protected":false},"excerpt":{"rendered":"<p>CHRZEST \u00a0\u015aWI\u0118TY Chrzest jako pierwszy sakrament nowego Przymierza jest fundamentem ca\u0142ego \u017cycia chrze\u015bcija\u0144skiego, bram\u0105 wprowadzaj\u0105c\u0105 do \u017cycia w Duchu i otwieraj\u0105c\u0105 dost\u0119p do nast\u0119pnych sakrament\u00f3w. Chrzest udzielany przez zanurzenie lub polanie wod\u0105 dzi\u0119ki dzia\u0142aniu Ducha \u015awi\u0119tego jest obmyciem, kt\u00f3re oczyszcza, u\u015bwi\u0119ca i usprawiedliwia, oznacza i urzeczywistnia \u015bmier\u0107 dla grzechu i wej\u015bcie w \u017cycie Tr\u00f3jcy \u015awi\u0119tej <a class=\"read-more\" href=\"http:\/\/parafiadziadowakloda.pl\/?page_id=295\">Czytaj wi\u0119cej&#8230;<\/a><\/p>\n","protected":false},"author":1,"featured_media":0,"parent":0,"menu_order":5,"comment_status":"closed","ping_status":"closed","template":"","meta":[],"_links":{"self":[{"href":"http:\/\/parafiadziadowakloda.pl\/index.php?rest_route=\/wp\/v2\/pages\/295"}],"collection":[{"href":"http:\/\/parafiadziadowakloda.pl\/index.php?rest_route=\/wp\/v2\/pages"}],"about":[{"href":"http:\/\/parafiadziadowakloda.pl\/index.php?rest_route=\/wp\/v2\/types\/page"}],"author":[{"embeddable":true,"href":"http:\/\/parafiadziadowakloda.pl\/index.php?rest_route=\/wp\/v2\/users\/1"}],"replies":[{"embeddable":true,"href":"http:\/\/parafiadziadowakloda.pl\/index.php?rest_route=%2Fwp%2Fv2%2Fcomments&post=295"}],"version-history":[{"count":7,"href":"http:\/\/parafiadziadowakloda.pl\/index.php?rest_route=\/wp\/v2\/pages\/295\/revisions"}],"predecessor-version":[{"id":420,"href":"http:\/\/parafiadziadowakloda.pl\/index.php?rest_route=\/wp\/v2\/pages\/295\/revisions\/420"}],"wp:attachment":[{"href":"http:\/\/parafiadziadowakloda.pl\/index.php?rest_route=%2Fwp%2Fv2%2Fmedia&parent=295"}],"curies":[{"name":"wp","href":"https:\/\/api.w.org\/{rel}","templated":true}]}}