{"id":400,"date":"2017-09-21T10:13:05","date_gmt":"2017-09-21T08:13:05","guid":{"rendered":"http:\/\/parafiadziadowakloda.pl\/?page_id=400"},"modified":"2017-10-29T23:42:34","modified_gmt":"2017-10-29T22:42:34","slug":"chrzest-swiety","status":"publish","type":"page","link":"http:\/\/parafiadziadowakloda.pl\/?page_id=400","title":{"rendered":"Chrzest \u015awi\u0119ty"},"content":{"rendered":"<p>Chrzest jako pierwszy sakrament nowego Przymierza jest fundamentem ca\u0142ego \u017cycia chrze\u015bcija\u0144skiego, bram\u0105 wprowadzaj\u0105c\u0105 do \u017cycia w Duchu i otwieraj\u0105c\u0105 dost\u0119p do nast\u0119pnych sakrament\u00f3w. Chrzest udzielany przez zanurzenie lub polanie wod\u0105 dzi\u0119ki dzia\u0142aniu Ducha \u015awi\u0119tego jest obmyciem, kt\u00f3re oczyszcza, u\u015bwi\u0119ca i usprawiedliwia, oznacza i urzeczywistnia \u015bmier\u0107 dla grzechu i wej\u015bcie w \u017cycie Tr\u00f3jcy \u015awi\u0119tej .<br \/>\nW naturalnej symbolice woda uwalnia od brudu i jest konieczna do tego, by \u017cy\u0107. Znak obmycia wod\u0105 oznacza pogrzebanie osoby ochrzczonej w \u015bmierci Chrystusa, z kt\u00f3rej powstaje ona przez zmartwychwstanie z Nim jako nowe stworzenie do \u017cycia wed\u0142ug Ducha \u015awi\u0119tego.<br \/>\nKonieczno\u015bci przyjmowania chrztu domaga si\u0119 Pan Jezus, kt\u00f3ry powiedzia\u0142: &#8222;Kto uwierzy i przyjmie chrzest, b\u0119dzie zbawiony; a kto nie uwierzy, b\u0119dzie pot\u0119piony&#8221; (Mk 16, 16). Powiedzia\u0142 te\u017c: &#8222;Je\u015bli si\u0119 kto\u015b nie narodzi z wody i z Ducha \u015awi\u0119tego, nie mo\u017ce wej\u015b\u0107 do Kr\u00f3lestwa Bo\u017cego&#8221; (J 3, 5).<br \/>\nChrzest przyjmuje si\u0119 jeden raz w \u017cyciu, poniewa\u017c wyciska on na duszy niezatarte, duchowe znami\u0119-charakter sakramentalny<\/p>\n<p><strong>Osoby, kt\u00f3re mog\u0105 ochrzci\u0107 dziecko<\/strong><br \/>\nZwyczajnym szafarzem chrztu jest biskup i prezbiter (kap\u0142an) oraz diakon. W razie konieczno\u015bci (np. niebezpiecze\u0144stwo \u015bmierci) mo\u017ce ochrzci\u0107 ka\u017cda osoba, nawet nie ochrzczona, maj\u0105ca wymagan\u0105 intencj\u0119. Wymagana intencja polega na tym, aby chcie\u0107 czyni\u0107 to, co czyni Ko\u015bci\u00f3\u0142, gdy chrzci i zastosowa\u0107 formu\u0142\u0119 chrzcieln\u0105\u00a0<strong>(N., ja ciebie chrzcz\u0119 w imi\u0119 Ojca i Syna i Ducha \u015awi\u0119tego).<\/strong><\/p>\n<p>Chrzest zg\u0142aszaj\u0105 osobi\u015bcie rodzice dziecka w kancelarii parafialnej co najmniej dwa tygodnie wcze\u015bniej (przynajmniej jedno z rodzic\u00f3w musi wyrazi\u0107 zgod\u0119 na chrzest).<\/p>\n<p><strong>Dokumenty potrzebne do spisania aktu chrztu<\/strong><strong><br \/>\n<\/strong><\/p>\n<ul>\n<li>Skr\u00f3cony akt urodzenia dziecka z USC,<\/li>\n<li>\u015awiadectwo \u015blubu ko\u015bcielnego rodzic\u00f3w (je\u017celi \u015blub odby\u0142 si\u0119 poza parafi\u0105),<\/li>\n<li>Dane o rodzicach chrzestnych\n<ul>\n<li>imiona, nazwiska,<\/li>\n<li>data i miejsce urodzenia,<\/li>\n<li>adres zamieszkania,<\/li>\n<li>wyznanie,<\/li>\n<li>Rodzice chrzestni dziecka mieszkaj\u0105cy na terenie innych parafii potrzebuj\u0105 za\u015bwiadczenie, \u017ce s\u0105 praktykuj\u0105cymi katolikami i mog\u0105 pe\u0142ni\u0107 godno\u015b\u0107 rodzic\u00f3w chrzestnych. Za\u015bwiadczenia te otrzymuje si\u0119 w kancelarii parafialnej parafii odpowiadaj\u0105cej aktualnemu miejscu zamieszkania (miejsce zameldowania nie ma znaczenie formalnego \u2013 liczy si\u0119 faktyczny pobyt),<\/li>\n<\/ul>\n<\/li>\n<li>Potwierdzenie odbytej spowiedzi rodzic\u00f3w i rodzic\u00f3w chrzestnych,<\/li>\n<li>Je\u017celi dziecko jest zamieszka\u0142e w innej parafii rodzice dostarczaj\u0105 stosown\u0105 zgod\u0119 przeniesienia chrztu z parafii zamieszkania dziecka. Za\u015bwiadczenia te otrzymuje si\u0119 w kancelarii parafialnej parafii odpowiadaj\u0105cej aktualnemu miejscu zamieszkania (miejsce zameldowania nie ma znaczenie formalnego \u2013 liczy si\u0119 faktyczny pobyt).<\/li>\n<\/ul>\n<p>W przypadku gdy rodzice nie s\u0105 w sakramentalnym zwi\u0105zku ma\u0142\u017ce\u0144skim i nie maj\u0105 \u017cadnych przeszk\u00f3d do zawarcia \u015blubu zalecane jest od\u0142o\u017cenie chrztu dziecka do czasu zawarcia sakramentalnego ma\u0142\u017ce\u0144stwa przez rodzic\u00f3w. W zwi\u0105zkach, w kt\u00f3rych istniej\u0105 przeszkody do zawarcia katolickiego ma\u0142\u017ce\u0144stwa rodzice musz\u0105 wyrazi\u0107 pisemne zobowi\u0105zanie o katolickim wychowaniu dziecka.<\/p>\n<p>Wskazane jest, aby imi\u0119 dziecka wybrane by\u0142o spo\u015br\u00f3d imion \u015bwi\u0119tych, by patron by\u0142 dla dziecka wzorem i przyk\u0142adem \u017cycia chrze\u015bcija\u0144skiego oraz or\u0119downikiem z nieba.<\/p>\n<p><strong>Rodzice dziecka<\/strong><strong><br \/>\n<\/strong>Przed Chrztem dziecka rodzice powinni\u00a0 przyst\u0105pi\u0107 do Sakramentu Pokuty, a podczas Mszy \u015bwi\u0119tej chrzcielnej do Komunii \u015bwi\u0119tej.<br \/>\nW czasie chrztu dziecko powinna trzyma\u0107 matka szczeg\u00f3lnie w trzech momentach (g\u0142\u00f3wka dziecka na prawej r\u0119ce):<\/p>\n<ul>\n<li>podczas obrz\u0119d\u00f3w wst\u0119pnych i wniesienia dziecka,<\/li>\n<li>podczas samego momentu chrztu sakramentu,<\/li>\n<li>podczas b\u0142ogos\u0142awie\u0144stwa.<\/li>\n<\/ul>\n<p>Rodzice, prosz\u0105c o chrzest dla swego dziecka, przyjmuj\u0105 na siebie obowi\u0105zek wychowania go w wierze. Maj\u0105 dawa\u0107 pierwsze \u015bwiadectwo wiary \u2013 s\u0142owem i przyk\u0142adem.<br \/>\nPo udzieleniu Chrztu, rodzice dziecka wdzi\u0119czni Bogu i wierni podj\u0119tym zadaniom, maj\u0105 obowi\u0105zek, zapocz\u0105tkowane na Chrzcie, nowe \u017cycie rozwija\u0107 przez chrze\u015bcija\u0144skie wychowanie w rodzinie, nauczy\u0107 dziecko modlitwy, posy\u0142a\u0107 na katechez\u0119, przygotowa\u0107 do Bierzmowania oraz do uczestnictwa w Eucharystii.<\/p>\n<p><strong>Rodzice chrzestni<\/strong><strong><br \/>\n<\/strong>Prawo Ko\u015bcio\u0142a wymaga aby przyjmuj\u0105cy chrzest, je\u015bli to mo\u017cliwe, posiada\u0142 chrzestnego (kan. 872 KPK). Dla ka\u017cdego dziecka nale\u017cy wybra\u0107 przynajmniej jednego chrzestnego, chrzestn\u0105 lub dwoje chrzestnych (por. kan. 873 KPK).<br \/>\nWed\u0142ug Kodeksu Prawa Kanonicznego do przyj\u0119cia zadania chrzestnego mo\u017ce by\u0107\u00a0 ten, kto:<\/p>\n<ul>\n<li>Uko\u0144czy\u0142 16 lat\u00a0&#8211; chyba \u017ce biskup diecezjalny okre\u015bli\u0142 inny wiek albo proboszcz lub szafarz jest zdania, \u017ce s\u0142uszna przyczyna zaleca dopuszczenie wyj\u0105tku,<\/li>\n<li>Jest praktykuj\u0105cym katolikiem\u00a0&#8211; bierzmowanym i przyj\u0105\u0142 ju\u017c sakrament Naj\u015bwi\u0119tszej Eucharystii, uczestniczy regularnie we Mszy \u015bwi\u0119tej niedzielnej i \u015bwi\u0105tecznej oraz prowadzi \u017cycie zgodne z wiar\u0105 i odpowiadaj\u0105ce funkcji, jak\u0105 ma pe\u0142ni\u0107,<\/li>\n<li>Je\u017celi \u017cyje w zwi\u0105zku to musi to by\u0107\u00a0zwi\u0105zek ma\u0142\u017ce\u0144ski ko\u015bcielny &#8211; sakramentalny,<\/li>\n<li>Je\u017celi jest uczniem to powinien aktualnie\u00a0ucz\u0119szcza\u0107 na katechizacj\u0119,<\/li>\n<\/ul>\n<p><strong>Chrzestnymi nie mog\u0105 by\u0107 osoby:<br \/>\n<\/strong><\/p>\n<ul>\n<li>\u017cyj\u0105ce w zwi\u0105zkach niesakramentalnych \/bez \u015blubu ko\u015bcielnego, zwi\u0105zek cywilny, konkubinat\/<\/li>\n<li>m\u0142odzie\u017c nie uczestnicz\u0105ca w katechezie,<\/li>\n<li>osoba, kt\u00f3ra nie przyj\u0119\u0142a sakramentu bierzmowania,<\/li>\n<li>oboj\u0119tni religijnie,<\/li>\n<li>prowadz\u0105cy gorsz\u0105cy tryb \u017cycia.<\/li>\n<\/ul>\n<p>Rodzice chrzestni maja obowi\u0105zek o przyniesienie od w\u0142asnego Ksi\u0119dza Proboszcza za\u015bwiadczenia potwierdzaj\u0105cego mo\u017cliwo\u015b\u0107 pe\u0142nienia godno\u015bci chrzestnego(ej)<\/p>\n<p>Z okazji Chrztu dziecka chrzestni powinni przyst\u0105pi\u0107 do Spowiedzi i Komunii \u015bwi\u0119tej. W przysz\u0142o\u015bci rodzice chrzestni powinni by\u0107 tak\u017ce \u015bwiadkami Bierzmowania swego chrze\u015bniaka i uczestniczy\u0107 w wa\u017cniejszych wydarzeniach jego \u017cycia (I Komunia \u015bwi\u0119ta, \u015blub).<br \/>\nDodatkowo rodzice chrzestni maj\u0105 towarzyszy\u0107 w chrze\u015bcija\u0144skim wtajemniczeniu dziecka, pomaga\u0107, aby ochrzczony prowadzi\u0142 \u017cycie chrze\u015bcija\u0144skie odpowiadaj\u0105ce przyj\u0119temu sakramentowi i wype\u0142nia\u0142 wiernie z\u0142\u0105czone z nim obowi\u0105zki.<\/p>\n<p>Kiedy o ochrzczenie dziecka prosz\u0105 rodzice, kt\u00f3rzy s\u0105 lud\u017ami niewierz\u0105cymi lub niepraktykuj\u0105cymi, wtedy chrzestni musz\u0105 spe\u0142nia\u0107 wymagania wi\u0119ksze ni\u017c w sytuacji, gdy mamy do czynienia z rodzicami g\u0142\u0119boko wierz\u0105cymi. Rola chrzestnych ma polega\u0107 wtedy na przej\u0119ciu ca\u0142o\u015bci lub w znacznej cz\u0119\u015bci obowi\u0105zku wychowania w wierze dziecka ochrzczonego. St\u0105d w\u0142a\u015bnie owe dodatkowe wymagania. Chrzestni w tym wypadku s\u0105 bowiem nie tylko pomocnikami, ale osobami wype\u0142niaj\u0105cymi podstawowe zadanie.<\/p>\n<p><strong>Chrzest \u015aw.jest udzielany w I sobot\u0119 miesi\u0105ca na Mszy \u015aw.<\/strong><\/p>\n","protected":false},"excerpt":{"rendered":"<p>Chrzest jako pierwszy sakrament nowego Przymierza jest fundamentem ca\u0142ego \u017cycia chrze\u015bcija\u0144skiego, bram\u0105 wprowadzaj\u0105c\u0105 do \u017cycia w Duchu i otwieraj\u0105c\u0105 dost\u0119p do nast\u0119pnych sakrament\u00f3w. Chrzest udzielany przez zanurzenie lub polanie wod\u0105 dzi\u0119ki dzia\u0142aniu Ducha \u015awi\u0119tego jest obmyciem, kt\u00f3re oczyszcza, u\u015bwi\u0119ca i usprawiedliwia, oznacza i urzeczywistnia \u015bmier\u0107 dla grzechu i wej\u015bcie w \u017cycie Tr\u00f3jcy \u015awi\u0119tej . W <a class=\"read-more\" href=\"http:\/\/parafiadziadowakloda.pl\/?page_id=400\">Czytaj wi\u0119cej&#8230;<\/a><\/p>\n","protected":false},"author":1,"featured_media":0,"parent":295,"menu_order":7,"comment_status":"closed","ping_status":"closed","template":"template-full-width.php","meta":[],"_links":{"self":[{"href":"http:\/\/parafiadziadowakloda.pl\/index.php?rest_route=\/wp\/v2\/pages\/400"}],"collection":[{"href":"http:\/\/parafiadziadowakloda.pl\/index.php?rest_route=\/wp\/v2\/pages"}],"about":[{"href":"http:\/\/parafiadziadowakloda.pl\/index.php?rest_route=\/wp\/v2\/types\/page"}],"author":[{"embeddable":true,"href":"http:\/\/parafiadziadowakloda.pl\/index.php?rest_route=\/wp\/v2\/users\/1"}],"replies":[{"embeddable":true,"href":"http:\/\/parafiadziadowakloda.pl\/index.php?rest_route=%2Fwp%2Fv2%2Fcomments&post=400"}],"version-history":[{"count":4,"href":"http:\/\/parafiadziadowakloda.pl\/index.php?rest_route=\/wp\/v2\/pages\/400\/revisions"}],"predecessor-version":[{"id":518,"href":"http:\/\/parafiadziadowakloda.pl\/index.php?rest_route=\/wp\/v2\/pages\/400\/revisions\/518"}],"up":[{"embeddable":true,"href":"http:\/\/parafiadziadowakloda.pl\/index.php?rest_route=\/wp\/v2\/pages\/295"}],"wp:attachment":[{"href":"http:\/\/parafiadziadowakloda.pl\/index.php?rest_route=%2Fwp%2Fv2%2Fmedia&parent=400"}],"curies":[{"name":"wp","href":"https:\/\/api.w.org\/{rel}","templated":true}]}}