{"id":404,"date":"2017-09-21T10:18:46","date_gmt":"2017-09-21T08:18:46","guid":{"rendered":"http:\/\/parafiadziadowakloda.pl\/?page_id=404"},"modified":"2017-09-21T10:26:40","modified_gmt":"2017-09-21T08:26:40","slug":"bierzmowanie","status":"publish","type":"page","link":"http:\/\/parafiadziadowakloda.pl\/?page_id=404","title":{"rendered":"Bierzmowanie"},"content":{"rendered":"<p>Sakrament bierzmowania jest sakramentem chrze\u015bcija\u0144skiej dojrza\u0142o\u015bci. Dzi\u0119ki niemu wierni \u015bci\u015blej wi\u0105\u017c\u0105 si\u0119 z Ko\u015bcio\u0142em, otrzymuj\u0105 szczeg\u00f3ln\u0105 moc Ducha \u015awi\u0119tego oraz zobowi\u0105zuj\u0105 si\u0119, jako \u015bwiadkowie Chrystusa, do szerzenia wiary s\u0142owem i czynem oraz do jej obrony (por. KKK 11).<\/p>\n<p>Sakrament bierzmowania wraz z chrztem i Eucharysti\u0105 nale\u017cy do\u00a0sakrament\u00f3w wtajemniczenia chrze\u015bcija\u0144skiego, kt\u00f3rego jedno\u015b\u0107 powinna by\u0107 zachowywana. Nale\u017cy zatem pami\u0119ta\u0107, \u017ce przyj\u0119cie tego sakramentu jest konieczne jako dope\u0142nienie \u0142aski chrztu. Istotnie, przez sakrament bierzmowania (ochrzczeni) jeszcze \u015bci\u015blej wi\u0105\u017c\u0105 si\u0119 z Ko\u015bcio\u0142em, otrzymuj\u0105 szczeg\u00f3ln\u0105 moc Ducha \u015awi\u0119tego i w ten spos\u00f3b jeszcze mocniej zobowi\u0105zani s\u0105, jako prawdziwi \u015bwiadkowie Chrystusa, do szerzenia wiary s\u0142owem i uczynkiem (Katechizm Ko\u015bcio\u0142a Katolickiego nr 1285).<\/p>\n<p>Sakrament ten uzdalnia nas do m\u0119\u017cnego wyznawania wiary, \u017cycia wed\u0142ug niej i obrony. B\u00f3g czyni to poprzez udzielane dary Ducha \u015awi\u0119tego. S\u0105 nimi:<\/p>\n<ul>\n<li>dar m\u0105dro\u015bci\u00a0&#8211; s\u0142u\u017cy do poznania i umi\u0142owania prawdy wiekuistej, kt\u00f3r\u0105 jest B\u00f3g, z tego wynika umi\u0142owanie Boga i jego spraw. Gdy B\u00f3g jest na pierwszym miejscu wtedy wszystko oceniamy we w\u0142a\u015bciwy spos\u00f3b.<\/li>\n<li>dar rozumu\u00a0&#8211; pozwala na instynktowne s\u0105dzenie w \u015bwietle wiary. Pomaga odczytywa\u0107 wol\u0119 Bo\u017c\u0105 i odr\u00f3\u017cnia\u0107 prawd\u0119 od k\u0142amstwa, pozwala dobrze oceni\u0107 konkretn\u0105 sytuacj\u0119 i podj\u0105\u0107 trafn\u0105 decyzj\u0119.<\/li>\n<li>dar rady\u00a0&#8211; pomaga w podejmowaniu trudnych decyzji w naszym \u017cyciu. Dzi\u0119ki niemu instynktownie mo\u017cemy odr\u00f3\u017cni\u0107 co nale\u017cy czyni\u0107, a czego nie (nawet wbrew roztropno\u015bci).<\/li>\n<li>dar umiej\u0119tno\u015bci\u00a0&#8211; dzi\u0119ki niemu posiadamy g\u0142\u0119bok\u0105 pewno\u015b\u0107 wiary w Boga, intuicyjn\u0105 wiedz\u0119, co do prawd i tajemnic wiary. Daje umiej\u0119tno\u015b\u0107 dobrego wykorzystania tego czym dysponujemy.<\/li>\n<li>dar m\u0119stwa\u00a0&#8211; (dar mocy, si\u0142y) pomaga z si\u0142\u0105 i ufno\u015bci\u0105 stan\u0105\u0107 wobec pr\u00f3b i niebezpiecze\u0144stw (tak\u017ce duchowych) chrze\u015bcija\u0144skiego \u017cycia. Jeste\u015bmy zdolni do podejmowania najtrudniejszych zada\u0144 z mi\u0142o\u015bci do boga (nawet m\u0119cze\u0144stwa).<\/li>\n<li>dar pobo\u017cno\u015bci\u00a0&#8211; (nazywany duchem przybrania) stani\u0119cie wobec Boga jak dziecko wobec Ojca niesko\u0144czenie dobrego i mi\u0142uj\u0105cego \u2013 z mi\u0142o\u015bci\u0105, szacunkiem, zaufaniem, bez l\u0119ku.<\/li>\n<li>dar boja\u017ani Bo\u017cej\u00a0&#8211; nie ma nic wsp\u00f3lnego z l\u0119kiem przed Bogiem, jest to szacunek i mi\u0142o\u015b\u0107 do Boga, z tego wynika boja\u017a\u0144 obra\u017cenia Boga, niech\u0119\u0107 do grzechu, a ch\u0119\u0107 wype\u0142niania Bo\u017cej woli.<\/li>\n<\/ul>\n<p>Sakrament bierzmowania powinny przyjmowa\u0107 osoby dojrza\u0142e, kt\u00f3re chc\u0105 rozpocz\u0105\u0107 drugi etap \u017cycia \u2013 \u015bwiadome \u017cycie wiar\u0105. Sakrament chrztu wi\u0119kszo\u015b\u0107 z nas przyj\u0119\u0142a nie\u015bwiadomie w pierwszych dniach, czy tygodniach po urodzeniu. Sakrament bierzmowania przyjmujemy dobrowolnie i \u015bwiadomie.<\/p>\n<p>Obrz\u0119d bierzmowania\u00a0sk\u0142ada si\u0119 z trzech element\u00f3w. S\u0105 to:<\/p>\n<ul>\n<li>na\u0142o\u017cenie r\u0119ki przez biskupa na g\u0142ow\u0119 bierzmowanego,<\/li>\n<li>namaszczenie olejem Krzy\u017cma na czole ochrzczonego\u00a0&#8211; jest to znak obfito\u015bci, rado\u015bci, oczyszczenia, uzdrowienia, umocnienia, a tak\u017ce znak konsekracji czyli po\u015bwi\u0119cenia bierzmowanego Bogu. Przez namaszczenie bierzmowany otrzymuje znami\u0119 Ducha \u015awi\u0119tego, znak przynale\u017cno\u015bci i poddania si\u0119 Temu, kt\u00f3ry nas naznaczy\u0142.<\/li>\n<li>s\u0142owa:\u00a0\u201ePrzyjmij znami\u0119 daru Ducha \u015awi\u0119tego\u201d.<\/li>\n<\/ul>\n<p><strong>Dokumenty potrzebne do sakramentu bierzmowania:<\/strong><\/p>\n<ul>\n<li>metryka chrztu (dot. os\u00f3b ochrzczonych poza parafi\u0105),<\/li>\n<li>za\u015bwiadczenie o uczestnictwie w katechezie szkolnej lub ostatnie \u015bwiadectwo katechizacji,<\/li>\n<li>w przypadku os\u00f3b starszych &#8211; \u015bwiadectwo uko\u0144czenia katechizacji szkolnej.<\/li>\n<\/ul>\n<p>Po przyj\u0119ciu bierzmowania nale\u017cy za\u015bwiadczenie o bierzmowaniu przedstawi\u0107 w parafii chrztu celem wpisania do uwag w\u0142a\u015bciwego aktu chrztu.<\/p>\n<p><strong>Imi\u0119 \u2013 patron bierzmowania<\/strong><br \/>\nZe wzgl\u0119du na fakt istotnego powi\u0105zania sakramentu bierzmowania z sakramentem chrztu kandydat do bierzmowania powinien zachowa\u0107 imi\u0119 chrzcielne. Zwyczajowo jednak mo\u017cna wybra\u0107 imi\u0119 \u015awi\u0119tego Patrona, kt\u00f3rego kandydat pragnie na\u015bladowa\u0107.<br \/>\nPowinna by\u0107 to osoba uznana przez Ko\u015bci\u00f3\u0142 za \u015bwi\u0119t\u0105 lub b\u0142ogos\u0142awion\u0105.<\/p>\n<p><strong>\u015awiadek bierzmowania<\/strong><br \/>\n\u015awiadkiem bierzmowania mo\u017ce by\u0107 osoba, kt\u00f3ra przyj\u0119\u0142a wszystkie sakramenty wtajemniczenia chrze\u015bcija\u0144skiego (chrzest, Eucharysti\u0119, bierzmowanie) i prowadzi \u017cycie zgodne z zasadami wiary. Zadaniem \u015bwiadka jest troska o to, by bierzmowany wype\u0142nia\u0142 obowi\u0105zki wyp\u0142ywaj\u0105ce z przyj\u0119cia tego sakramentu. Dla podkre\u015blenia zwi\u0105zku z chrztem zaleca si\u0119, aby \u015bwiadkiem by\u0142 jeden z rodzic\u00f3w chrzestnych &#8211; najlepiej ojciec dla ch\u0142opca, matka dla dziewczyny.<br \/>\n\u015awiadkiem bierzmownaia nie mog\u0105 by\u0107 rodzice (wym\u00f3g Prawa Kanonicznego).<\/p>\n<p>W czasie obrz\u0119d\u00f3w sakramentu \u015bwiadek k\u0142adzie praw\u0105 d\u0142o\u0144 na ramieniu kandydata na znak, \u017ce b\u0119dzie go wspiera\u0142 rad\u0105 i czynem w \u017cyciu zgodnym z wyznawan\u0105 wiar\u0105.<br \/>\nOd \u015bwiadk\u00f3w nie s\u0105 wymagane \u017cadne dokumenty. Oczywistym jest jednak, \u017ce w dniu bierzmowania s\u0105 wyspowiadani i przyst\u0119puj\u0105 do Komunii \u015bw.<\/p>\n","protected":false},"excerpt":{"rendered":"<p>Sakrament bierzmowania jest sakramentem chrze\u015bcija\u0144skiej dojrza\u0142o\u015bci. Dzi\u0119ki niemu wierni \u015bci\u015blej wi\u0105\u017c\u0105 si\u0119 z Ko\u015bcio\u0142em, otrzymuj\u0105 szczeg\u00f3ln\u0105 moc Ducha \u015awi\u0119tego oraz zobowi\u0105zuj\u0105 si\u0119, jako \u015bwiadkowie Chrystusa, do szerzenia wiary s\u0142owem i czynem oraz do jej obrony (por. KKK 11). Sakrament bierzmowania wraz z chrztem i Eucharysti\u0105 nale\u017cy do\u00a0sakrament\u00f3w wtajemniczenia chrze\u015bcija\u0144skiego, kt\u00f3rego jedno\u015b\u0107 powinna by\u0107 zachowywana. Nale\u017cy <a class=\"read-more\" href=\"http:\/\/parafiadziadowakloda.pl\/?page_id=404\">Czytaj wi\u0119cej&#8230;<\/a><\/p>\n","protected":false},"author":1,"featured_media":0,"parent":295,"menu_order":9,"comment_status":"closed","ping_status":"closed","template":"template-full-width.php","meta":[],"_links":{"self":[{"href":"http:\/\/parafiadziadowakloda.pl\/index.php?rest_route=\/wp\/v2\/pages\/404"}],"collection":[{"href":"http:\/\/parafiadziadowakloda.pl\/index.php?rest_route=\/wp\/v2\/pages"}],"about":[{"href":"http:\/\/parafiadziadowakloda.pl\/index.php?rest_route=\/wp\/v2\/types\/page"}],"author":[{"embeddable":true,"href":"http:\/\/parafiadziadowakloda.pl\/index.php?rest_route=\/wp\/v2\/users\/1"}],"replies":[{"embeddable":true,"href":"http:\/\/parafiadziadowakloda.pl\/index.php?rest_route=%2Fwp%2Fv2%2Fcomments&post=404"}],"version-history":[{"count":2,"href":"http:\/\/parafiadziadowakloda.pl\/index.php?rest_route=\/wp\/v2\/pages\/404\/revisions"}],"predecessor-version":[{"id":414,"href":"http:\/\/parafiadziadowakloda.pl\/index.php?rest_route=\/wp\/v2\/pages\/404\/revisions\/414"}],"up":[{"embeddable":true,"href":"http:\/\/parafiadziadowakloda.pl\/index.php?rest_route=\/wp\/v2\/pages\/295"}],"wp:attachment":[{"href":"http:\/\/parafiadziadowakloda.pl\/index.php?rest_route=%2Fwp%2Fv2%2Fmedia&parent=404"}],"curies":[{"name":"wp","href":"https:\/\/api.w.org\/{rel}","templated":true}]}}